n base 13, what is -259b + -1408?
-39a6
In base 12, what is 1314 - 1bb?
1115
In base 16, what is -1bc19 + -e4?
-1bcfd
In base 11, what is 1337 - 120?
1217
In base 15, what is 388972 + -7d?
3888e4
In base 3, what is -1122101012 - 10100?
-1122111112
In base 8, what is 12 - 11047232?
-11047220
In base 11, what is 26 + -a7415?
-a739a
In base 9, what is 11375 - 4146?
6228
In base 14, what is -589a + 304b?
-284d
In base 14, what is 12b36 + b5da?
20332
In base 9, what is 254478128 - 5?
254478123
In base 9, what is 6162 - 5465?
586
In base 13, what is 6677a5 - c3?
6676b2
In base 14, what is -4d29 - 1007?
-5d32
In base 16, what is -b + 38fcd5?
38fcca
In base 4, what is 1320213103 + -10?
1320213033
In base 2, what is 11101000010101011001001 - 100?
11101000010101011000101
In base 8, what is -132 + -50122231?
-50122363
In base 5, what is 100132041104 - -4?
100132041113
In base 14, what is -9a6586b + -2?
-9a6586d
In base 16, what is 85 + 5d36?
5dbb
In base 10, what is 0 - -3405970?
3405970
In base 8, what is 17731 - 14751?
2760
In base 6, what is 4304012 + -3544?
4300024
In base 14, what is 1 + -314c87a9?
-314c87a8
In base 6, what is 3 + 133510520?
133510523
In base 12, what is -1 + -5b335687?
-5b335688
In base 7, what is -6 - 111334100?
-111334106
In base 5, what is -203142104 + 2?
-203142102
In base 5, what is 12 + 24101343323?
24101343340
In base 8, what is 4 - -146534036?
146534042
In base 2, what is -10100001110 - 1100000000?
-100000001110
In base 13, what is -172a65 + -9?
-172a71
In base 6, what is -105 - -151155313?
151155204
In base 7, what is -3 + 11650642?
11650636
In base 6, what is 1030221122 + -13?
1030221105
In base 3, what is 102 + 10112220120201?
10112220121010
In base 11, what is -128 - -64639?
64511
In base 12, what is 1b03913 + 0?
1b03913
In base 6, what is 13 + 340542224?
340542241
In base 13, what is 126 + 17a94?
17bba
In base 13, what is 87833c0 - -1?
87833c1
In base 12, what is 5 + -1214181b?
-12141816
In base 11, what is 13 + a74736?
a74749
In base 7, what is -332223 - 12563?
-345116
In base 2, what is 111100011 + -1001001001?
-1100110
In base 9, what is -2 + -38426546?
-38426548
In base 7, what is -525550 + -103?
-525653
In base 6, what is -145452035 - -34?
-145452001
In base 14, what is 20c96392 + 1?
20c96393
In base 4, what is -11020302 + 21131?
-10333111
In base 9, what is 243 - -53347?
53601
In base 14, what is -90595d - 2?
-905961
In base 5, what is 143314 + 120113?
313432
In base 3, what is 2 - -120101220202120?
120101220202122
In base 15, what is 6c4 - -506?
bca
In base 3, what is 22022 + 10101210011?
10102002110
In base 10, what is 281091 - 4?
281087
In base 12, what is 17 + 2ab9891?
2ab98a8
In base 6, what is -1524003 + -105?
-1524112
In base 13, what is -1141 + -19?
-115a
In base 14, what is 74 + 15462c9?
154635d
In base 13, what is -1 - -4530768?
4530767
In base 14, what is -3bdc + -871?
-466d
In base 11, what is -479023633 - 1?
-479023634
In base 5, what is 3 + -114322401?
-114322343
In base 16, what is 92 - 559a7?
-55915
In base 6, what is 342 - 3535043?
-3534301
In base 15, what is -4 - -d1143bc?
d1143b8
In base 13, what is -2a - 47091?
-470bb
In base 14, what is -8 - 1a6258?
-1a6262
In base 4, what is 203 - 13330221330?
-13330221121
In base 7, what is 102644321 - -2?
102644323
In base 11, what is -6528764 - 3a?
-65287a3
In base 7, what is 4 + 6402122442?
6402122446
In base 8, what is -155176462 - -1?
-155176461
In base 11, what is 37642211 + 5?
37642216
In base 8, what is 5 - 471651036?
-471651031
In base 9, what is -26464 - -347?
-26116
In base 11, what is 555 - 331905?
-331360
In base 13, what is -408bb3c9 + -4?
-408bb400
In base 12, what is 2b2342 + -148?
2b21b6
In base 9, what is -12520263 + 22?
-12520241
In base 10, what is -701750 + 239?
-701511
In base 12, what is -780 + 2bb68?
2b3a8
In base 14, what is 6 - 24c5d8cc?
-24c5d8c6
In base 3, what is -101221 + -10120121201?
-10121000122
In base 7, what is -11 + 1022605?
1022564
In base 4, what is 3 + 3201121023?
3201121032
In base 5, what is 34101422 - 22434?
34023433
In base 6, what is -432133 - 3414?
-435551
In base 9, what is 5887587 - 10?
5887577
In base 2, what is 10101010011110 + 1101001000?
10110111100110
In base 4, what is -13230023 - 3300?
-13233323
In base 10, what is 77657 - -4106?
81763
In base 4, what is -22 + -101113021020?
-101113021102
In base 3, what is 1222222201 - 2121102?
1220101022
In base 11, what is -1a0520 + 28?
-1a04a3
In base 13, what is -121187 + -4c?
-121206
In base 16, what is f43fd2 - 0?
f43fd2
In base 13, what is -2 + 47001953?
47001951
In base 13, what is 2a8953a + -c?
2a8952b
In base 11, what is -49 - -1729521?
1729483
In base 9, what is 676462 + -88?
676363
In base 12, what is 18 - -1b5336?
1b5352
In base 9, what is 2 + 17614522?
17614524
In base 6, what is -1514513225 + -4?
-1514513233
In base 3, what is 2 + -200200120201102010?
-200200120201102001
In base 7, what is -1030060 + 1566?
-1025161
In base 14, what is -6acbd - -3dd?
-6a8c0
In base 5, what is -43 - 132034142?
-132034240
In base 8, what is 4 + 756450550?
756450554
In base 16, what is -284b + -e6?
-2931
In base 12, what is -a034 - 105?
-a139
In base 3, what is 101121001011 + -21121?
101120202120
In base 12, what is 2ba3261 + -2?
2ba325b
In base 7, what is -31 + 32145261?
32145230
In base 5, what is -1130 - -210110?
203430
In base 5, what is 111001042 - -112?
111001204
In base 3, what is -11112111210110 + 2010?
-11112111201100
In base 15, what is -caa - 37a12?
-387bc
In base 10, what is -179781010 + 0?
-179781010
In base 14, what is -b5d - -654?
-509
In base 12, what is -82120 - 4?
-82124
In base 14, what is 8ad71 - -13c?
8b0ad
In base 2, what is -1001 + 1100110000001111011?
1100110000001110010
In base 6, what is 44515415 - -400?
44520215
In base 10, what is -2279 + -830?
-3109
In base 6, what is -2 + 22523235?
22523233
In base 5, what is 0 - -123344214133?
123344214133
In base 10, what is 306114 + 86?
306200
In base 7, what is -20362 - 10250?
-30642
In base 11, what is -2 - 3728683?
-3728685
In base 4, what is 13101021 - 2330?
13032031
In base 9, what is -63 - 12367508?
-12367572
In base 11, what is -6 - 4216493?
-4216499
In base 5, what is -32330 - -3423?
-23402
In base 4, what is 13 - -1333133212301?
1333133212320
In base 4, what is -12 + 101201203321?
101201203303
In base 5, what is -2320 + -3034212?
-3042032
In base 7, what is 3510 - 42123?
-35313
In base 9, what is -1 - -3473167?
3473166
In base 5, what is -12313 + 1221303?
1203440
In base 12, what is -151b917 + -40?
-151b957
In base 8, what is -11034 + 7704?
-1130
In base 9, what is -124442114 - 5?
-124442120
In base 10, what is -44 + 25975019?
25974975
In base 2, what is 100110001111010010000001 - -11?
100110001111010010000100
In base 9, what is 13 + 18438058?
18438072
In base 8, what is -21 + -1633147?
-1633170
In base 13, what is 2 - 553a0?
-5539b
In base 3, what is -111 - -10110212122021?
10110212121210
In base 7, what is -140156 - -1120?
-136036
In base 11, what is a53 - 561a9?
-55256
In base 15, what is -1b + 24c4ca?
24c4ae
In base 13, what is 11169667 + -2?
11169665
In base 9, what is 84045 - 142?
83803
In base 8, what is -2464112133 + -1?
-2464112134
In base 3, what is -202101121201 + 1211002?
-202022210122
In base 13, what is 6474a + -14a?
64600
In base 15, what is -e321cc - 0?
-e321cc
In base 2, what is 11101001010011 + 111110001110?
100100111100001
In base 7, what is -124 - 52214551?
-52215005
In base 14, what is -258 - 50bb?
-5335
In base 6, what is -5 - -415041431?
415041422
In base 2, what is 100 + -11001111011010001110000111?
-11001111011010001110000011
In base 11, what is -2443 - 300?
-2743
In base 14, what is 3 + -11911?
-1190c
In base 5, what is -102001334 - -24?
-102001310
In base 4, what is -1130213 + -30313?
-1221132
In base 9, what is -2651 - 3186?
-5847
In base 8, what is -4631407553 - -1?
-4631407552
In base 11, what is 16699 - -12?
16700
In base 10, what is -4 - -16034308?
16034304
In base 10, what is 74 + -38577?
-38503
In base 13, what is 1c + 8bc06a?
8bc089
In base 14, what is 4 + -2b147cdd?
-2b147cd9
In base 13, what is -c7805b - -2?
-c78059
In base 13, what is -4c6 + -8b062?
-8b558
In base 12, what is -1 + -148a4b64?
-148a4b65
In base 11, what is -268 + -74968a?
-749947
In base 9, w